{"id":6393,"date":"2023-02-04T17:21:28","date_gmt":"2023-02-04T16:21:28","guid":{"rendered":"https:\/\/amae.eu\/?page_id=6393"},"modified":"2023-05-20T14:06:36","modified_gmt":"2023-05-20T12:06:36","slug":"2-rue-de-la-pellerine-vendeur-de-volailles-et-etablissements-marche","status":"publish","type":"page","link":"https:\/\/amae.eu\/index.php\/anciens-commerces\/rue-de-la-pellerine\/2-rue-de-la-pellerine-vendeur-de-volailles-et-etablissements-marche\/","title":{"rendered":"2 rue de la Pellerine \u2013 Vendeur de volailles"},"content":{"rendered":"\n<p>Entre 1926 et 1943 dans cette maison, Lucien Sanson avait une activit\u00e9 de vente de volailles et de gibiers. A son d\u00e9c\u00e8s en 1943, cette activit\u00e9 a \u00e9t\u00e9 reprise par sa veuve, Marie (n\u00e9e Hatton), jusqu&rsquo;en 1955 puis par Jules Fouquet-Martin (1955-1963) puis par Pierre Fouquet de 1963 \u00e0 1972. Le groupe \u00c9lectricit\u00e9 de France prend possession des lieux entre 1964 et 1970. <\/p>\n\n\n\n<p>Source : Archives Municipales et Communautaires d\u2019Orl\u00e9ans M\u00e9tropole \u2013 Fiches auxiliaires cadastrales \u2013 <a href=\"https:\/\/archives.orleans-metropole.fr\/ark:24625\/s005755793f0e9ed\/5782685b30370.fiche=arko_fiche_603d362e34fc1.moteur=arko_default_603e55c86bc60\">4G890<\/a><\/p>\n","protected":false},"excerpt":{"rendered":"<p>Entre 1926 et 1943 dans cette maison, Lucien Sanson avait une activit\u00e9 de vente de volailles et de gibiers. A son d\u00e9c\u00e8s en 1943, cette activit\u00e9 a \u00e9t\u00e9 reprise par sa veuve, Marie (n\u00e9e Hatton), jusqu&rsquo;en 1955 puis par Jules Fouquet-Martin (1955-1963) puis par Pierre Fouquet de 1963 \u00e0 1972. Le groupe \u00c9lectricit\u00e9 de France [&hellip;]<\/p>\n","protected":false},"author":1,"featured_media":0,"parent":6506,"menu_order":0,"comment_status":"closed","ping_status":"closed","template":"","meta":{"ngg_post_thumbnail":0,"footnotes":""},"class_list":["post-6393","page","type-page","status-publish","hentry","entry"],"_links":{"self":[{"href":"https:\/\/amae.eu\/index.php\/wp-json\/wp\/v2\/pages\/6393"}],"collection":[{"href":"https:\/\/amae.eu\/index.php\/wp-json\/wp\/v2\/pages"}],"about":[{"href":"https:\/\/amae.eu\/index.php\/wp-json\/wp\/v2\/types\/page"}],"author":[{"embeddable":true,"href":"https:\/\/amae.eu\/index.php\/wp-json\/wp\/v2\/users\/1"}],"replies":[{"embeddable":true,"href":"https:\/\/amae.eu\/index.php\/wp-json\/wp\/v2\/comments?post=6393"}],"version-history":[{"count":8,"href":"https:\/\/amae.eu\/index.php\/wp-json\/wp\/v2\/pages\/6393\/revisions"}],"predecessor-version":[{"id":7499,"href":"https:\/\/amae.eu\/index.php\/wp-json\/wp\/v2\/pages\/6393\/revisions\/7499"}],"up":[{"embeddable":true,"href":"https:\/\/amae.eu\/index.php\/wp-json\/wp\/v2\/pages\/6506"}],"wp:attachment":[{"href":"https:\/\/amae.eu\/index.php\/wp-json\/wp\/v2\/media?parent=6393"}],"curies":[{"name":"wp","href":"https:\/\/api.w.org\/{rel}","templated":true}]}}