{"id":6808,"date":"2023-03-07T15:23:28","date_gmt":"2023-03-07T14:23:28","guid":{"rendered":"https:\/\/amae.eu\/?page_id=6808"},"modified":"2023-06-02T13:35:22","modified_gmt":"2023-06-02T11:35:22","slug":"61-rue-du-chateau-gaillard-marchand-de-cuirs-et-medecin","status":"publish","type":"page","link":"https:\/\/amae.eu\/index.php\/anciens-commerces\/rue-chateau-gaillard\/61-rue-du-chateau-gaillard-marchand-de-cuirs-et-medecin\/","title":{"rendered":"61 rue du Ch\u00e2teau-Gaillard &#8211; Marchand de cuirs et m\u00e9decin"},"content":{"rendered":"\n<p>Au 61 rue du Ch\u00e2teau-Gaillard exer\u00e7ait en 1962 Pierre Bordereau, marchand de cuirs tann\u00e9s en gros. En 1982 s&rsquo;y d\u00e9veloppe un cabinet m\u00e9dical tenu par les m\u00e9decins suivants : Dr Jean-Pierre Bonnardot, Dr Briand, Dr Daniel Mineur, Dr Jean-Pierre Mineur<\/p>\n\n\n\n<p>Source : Archives Municipales et Communautaires d&rsquo;Orl\u00e9ans M\u00e9tropole &#8211; Fiches auxiliaires cadastrales &#8211; 4G798<\/p>\n","protected":false},"excerpt":{"rendered":"<p>Au 61 rue du Ch\u00e2teau-Gaillard exer\u00e7ait en 1962 Pierre Bordereau, marchand de cuirs tann\u00e9s en gros. En 1982 s&rsquo;y d\u00e9veloppe un cabinet m\u00e9dical tenu par les m\u00e9decins suivants : Dr Jean-Pierre Bonnardot, Dr Briand, Dr Daniel Mineur, Dr Jean-Pierre Mineur Source : Archives Municipales et Communautaires d&rsquo;Orl\u00e9ans M\u00e9tropole &#8211; Fiches auxiliaires cadastrales &#8211; 4G798<\/p>\n","protected":false},"author":1,"featured_media":0,"parent":6502,"menu_order":0,"comment_status":"closed","ping_status":"closed","template":"","meta":{"ngg_post_thumbnail":0,"footnotes":""},"class_list":["post-6808","page","type-page","status-publish","hentry","entry"],"_links":{"self":[{"href":"https:\/\/amae.eu\/index.php\/wp-json\/wp\/v2\/pages\/6808"}],"collection":[{"href":"https:\/\/amae.eu\/index.php\/wp-json\/wp\/v2\/pages"}],"about":[{"href":"https:\/\/amae.eu\/index.php\/wp-json\/wp\/v2\/types\/page"}],"author":[{"embeddable":true,"href":"https:\/\/amae.eu\/index.php\/wp-json\/wp\/v2\/users\/1"}],"replies":[{"embeddable":true,"href":"https:\/\/amae.eu\/index.php\/wp-json\/wp\/v2\/comments?post=6808"}],"version-history":[{"count":3,"href":"https:\/\/amae.eu\/index.php\/wp-json\/wp\/v2\/pages\/6808\/revisions"}],"predecessor-version":[{"id":7649,"href":"https:\/\/amae.eu\/index.php\/wp-json\/wp\/v2\/pages\/6808\/revisions\/7649"}],"up":[{"embeddable":true,"href":"https:\/\/amae.eu\/index.php\/wp-json\/wp\/v2\/pages\/6502"}],"wp:attachment":[{"href":"https:\/\/amae.eu\/index.php\/wp-json\/wp\/v2\/media?parent=6808"}],"curies":[{"name":"wp","href":"https:\/\/api.w.org\/{rel}","templated":true}]}}