{"id":6822,"date":"2023-03-08T11:21:41","date_gmt":"2023-03-08T10:21:41","guid":{"rendered":"https:\/\/amae.eu\/?page_id=6822"},"modified":"2023-06-02T13:35:07","modified_gmt":"2023-06-02T11:35:07","slug":"7-rue-gaston-coute-cordonnier","status":"publish","type":"page","link":"https:\/\/amae.eu\/index.php\/anciens-commerces\/rue-gaston-coute\/7-rue-gaston-coute-cordonnier\/","title":{"rendered":"7 rue Gaston-Cout\u00e9 &#8211; Cordonnier"},"content":{"rendered":"\n<p>Le garage du 7 rue Gaston Cout\u00e9 \u00e9tait d\u00e9di\u00e9 d\u00e8s 1947 \u00e0 un atelier de cordonnier. D&rsquo;abord par M Lucas de 1947 \u00e0 1949, puis par Guy Legens de 1949 \u00e0 1961, et de 1961 \u00e0 1983 par Germain Burgain-Pierlot qui occupait aussi la maison. Un voisin t\u00e9moigne : \u00ab\u00a0Germain Burgain-Pierlot \u00e9tait un cordonnier tr\u00e8s professionnel et tr\u00e8s sympathique bien qu\u2019un peu ronchon. Il se trouvait sur le c\u00f4t\u00e9 impair de la rue Gaston Cout\u00e9. L\u2019avenue Jean-Zay passe maintenant sur sa maison\u00a0\u00bb. <\/p>\n\n\n\n<p>Source : Archives Municipales et Communautaires d&rsquo;Orl\u00e9ans M\u00e9tropole &#8211; Fiches auxiliaires cadastrales &#8211; 4G842<\/p>\n","protected":false},"excerpt":{"rendered":"<p>Le garage du 7 rue Gaston Cout\u00e9 \u00e9tait d\u00e9di\u00e9 d\u00e8s 1947 \u00e0 un atelier de cordonnier. D&rsquo;abord par M Lucas de 1947 \u00e0 1949, puis par Guy Legens de 1949 \u00e0 1961, et de 1961 \u00e0 1983 par Germain Burgain-Pierlot qui occupait aussi la maison. Un voisin t\u00e9moigne : \u00ab\u00a0Germain Burgain-Pierlot \u00e9tait un cordonnier tr\u00e8s [&hellip;]<\/p>\n","protected":false},"author":1,"featured_media":0,"parent":6504,"menu_order":0,"comment_status":"closed","ping_status":"closed","template":"","meta":{"ngg_post_thumbnail":0,"footnotes":""},"class_list":["post-6822","page","type-page","status-publish","hentry","entry"],"_links":{"self":[{"href":"https:\/\/amae.eu\/index.php\/wp-json\/wp\/v2\/pages\/6822"}],"collection":[{"href":"https:\/\/amae.eu\/index.php\/wp-json\/wp\/v2\/pages"}],"about":[{"href":"https:\/\/amae.eu\/index.php\/wp-json\/wp\/v2\/types\/page"}],"author":[{"embeddable":true,"href":"https:\/\/amae.eu\/index.php\/wp-json\/wp\/v2\/users\/1"}],"replies":[{"embeddable":true,"href":"https:\/\/amae.eu\/index.php\/wp-json\/wp\/v2\/comments?post=6822"}],"version-history":[{"count":3,"href":"https:\/\/amae.eu\/index.php\/wp-json\/wp\/v2\/pages\/6822\/revisions"}],"predecessor-version":[{"id":7647,"href":"https:\/\/amae.eu\/index.php\/wp-json\/wp\/v2\/pages\/6822\/revisions\/7647"}],"up":[{"embeddable":true,"href":"https:\/\/amae.eu\/index.php\/wp-json\/wp\/v2\/pages\/6504"}],"wp:attachment":[{"href":"https:\/\/amae.eu\/index.php\/wp-json\/wp\/v2\/media?parent=6822"}],"curies":[{"name":"wp","href":"https:\/\/api.w.org\/{rel}","templated":true}]}}