{"id":8301,"date":"2023-09-25T18:02:46","date_gmt":"2023-09-25T16:02:46","guid":{"rendered":"https:\/\/amae.eu\/?page_id=8301"},"modified":"2023-09-25T19:08:08","modified_gmt":"2023-09-25T17:08:08","slug":"mac-orlan","status":"publish","type":"page","link":"https:\/\/amae.eu\/index.php\/les-personnalites\/ecrivaines-ecrivains\/mac-orlan\/","title":{"rendered":"Mac Orlan"},"content":{"rendered":"\n<div class=\"wp-block-columns is-layout-flex wp-container-core-columns-is-layout-1 wp-block-columns-is-layout-flex\">\n<div class=\"wp-block-column is-layout-flow wp-block-column-is-layout-flow\">\n<figure class=\"wp-block-image size-large is-resized\"><img fetchpriority=\"high\" decoding=\"async\" src=\"https:\/\/amae.eu\/wp-content\/uploads\/2023\/09\/Orleans-1897-001-461x1024.jpg\" alt=\"\" class=\"wp-image-8308\" width=\"278\" height=\"616\"\/><figcaption>Photo de Pierre Dumarchey. Edition originale de \u00ab\u00a0Rue Saint-Vincent\u00a0\u00bb, Editions du Capitole, Paris, 1928.<\/figcaption><\/figure>\n<\/div>\n\n\n\n<div class=\"wp-block-column is-layout-flow wp-block-column-is-layout-flow\">\n<p>Le jeune Pierre Dumarchey, n\u00e9 \u00e0 P\u00e9ronne et devenu orphelin en 1889, fut recueilli et \u00e9lev\u00e9 par son oncle, Hippolyte Ferrand, inspecteur d&rsquo;Acad\u00e9mie, qui r\u00e9sidait au 47 rue Saint-Marc.<\/p>\n\n\n\n<p>Il fit ses \u00e9tudes au lyc\u00e9e d&rsquo;Orl\u00e9ans (\u00e0 l&rsquo;\u00e9poque rue Jeanne d&rsquo;Arc, o\u00f9 il rencontra pour la 1\u00e8re fois Gaston Cout\u00e9). Et l\u00e0, il d\u00e9couvrit alors le rugby qui resta une passion et m\u00eame une le\u00e7on de vie.<\/p>\n\n\n\n<p>Parti \u00e0 Rouen en 1898, et ensuite \u00e0 Paris, il devint apr\u00e8s moult p\u00e9rip\u00e9ties et voyages un \u00e9crivain reconnu.<\/p>\n\n\n\n<p>Parmi tous les pseudonymes qu&rsquo;il inventa, il conserva MAC ORLAN, de toute \u00e9vidence en r\u00e9f\u00e9rence \u00e0 la ville d&rsquo;Orl\u00e9ans.<\/p>\n\n\n\n<p>Il \u00e9crivit des romans (dont Quai des brumes, Mlle Bambu, Le Bal du Pont du Nord, le Chant de l&rsquo;\u00e9quipage, l&rsquo;Ancre de mis\u00e9ricorde,\u2026), des nouvelles (dont le recueil Sous la lumi\u00e8re froide), des po\u00e9sies, sc\u00e9narios, essais litt\u00e9raires, chansons (interpr\u00e9t\u00e9es entre autres par Barbara, Catherine, Sauvage, Juliette Greco, Germaine Montero, Monique Morelli, Yves Montand\u2026).<\/p>\n\n\n\n<p>Mac Orlan fut \u00e9lu \u00e0 l&rsquo;Acad\u00e9mie Goncourt en 1950.<\/p>\n\n\n\n<p>Il est d\u00e9c\u00e9d\u00e9 en 1970 \u00e0 St-Cyr-sur-Morin o\u00f9 il habitait et enterr\u00e9 avec le ballon d\u00e9dicac\u00e9 par toute l&rsquo;\u00e9quipe de France de Rugby de 1967, victorieuse du Tournoi des 5 Nations.<\/p>\n<\/div>\n<\/div>\n\n\n\n<p>Pour en savoir plus : <\/p>\n\n\n\n<ul class=\"wp-block-list\"><li><a href=\"https:\/\/fr.wikipedia.org\/wiki\/Pierre_Mac_Orlan\">Article Wikip\u00e9dia<\/a><\/li><li>Mag&rsquo;Centre : <a href=\"https:\/\/www.magcentre.fr\/203445-orleans-avis-de-recherche-de-lecrivain-pierre-mac-orlan\/\">Orl\u00e9ans: avis de recherche de l\u2019\u00e9crivain Pierre Mac Orlan<\/a><\/li><\/ul>\n\n\n\n<p><\/p>\n\n\n\n<p><\/p>\n","protected":false},"excerpt":{"rendered":"<p>Le jeune Pierre Dumarchey, n\u00e9 \u00e0 P\u00e9ronne et devenu orphelin en 1889, fut recueilli et \u00e9lev\u00e9 par son oncle, Hippolyte Ferrand, inspecteur d&rsquo;Acad\u00e9mie, qui r\u00e9sidait au 47 rue Saint-Marc. Il fit ses \u00e9tudes au lyc\u00e9e d&rsquo;Orl\u00e9ans (\u00e0 l&rsquo;\u00e9poque rue Jeanne d&rsquo;Arc, o\u00f9 il rencontra pour la 1\u00e8re fois Gaston Cout\u00e9). Et l\u00e0, il d\u00e9couvrit alors [&hellip;]<\/p>\n","protected":false},"author":1,"featured_media":0,"parent":6491,"menu_order":0,"comment_status":"closed","ping_status":"closed","template":"","meta":{"ngg_post_thumbnail":0,"footnotes":""},"class_list":["post-8301","page","type-page","status-publish","hentry","entry"],"_links":{"self":[{"href":"https:\/\/amae.eu\/index.php\/wp-json\/wp\/v2\/pages\/8301"}],"collection":[{"href":"https:\/\/amae.eu\/index.php\/wp-json\/wp\/v2\/pages"}],"about":[{"href":"https:\/\/amae.eu\/index.php\/wp-json\/wp\/v2\/types\/page"}],"author":[{"embeddable":true,"href":"https:\/\/amae.eu\/index.php\/wp-json\/wp\/v2\/users\/1"}],"replies":[{"embeddable":true,"href":"https:\/\/amae.eu\/index.php\/wp-json\/wp\/v2\/comments?post=8301"}],"version-history":[{"count":4,"href":"https:\/\/amae.eu\/index.php\/wp-json\/wp\/v2\/pages\/8301\/revisions"}],"predecessor-version":[{"id":8314,"href":"https:\/\/amae.eu\/index.php\/wp-json\/wp\/v2\/pages\/8301\/revisions\/8314"}],"up":[{"embeddable":true,"href":"https:\/\/amae.eu\/index.php\/wp-json\/wp\/v2\/pages\/6491"}],"wp:attachment":[{"href":"https:\/\/amae.eu\/index.php\/wp-json\/wp\/v2\/media?parent=8301"}],"curies":[{"name":"wp","href":"https:\/\/api.w.org\/{rel}","templated":true}]}}