{"id":88,"date":"2019-12-01T18:41:27","date_gmt":"2019-12-01T17:41:27","guid":{"rendered":"http:\/\/amae.eu\/?page_id=88"},"modified":"2023-07-20T15:11:11","modified_gmt":"2023-07-20T13:11:11","slug":"le-cirque-lavrat","status":"publish","type":"page","link":"https:\/\/amae.eu\/index.php\/collectifs\/le-cirque-lavrat\/","title":{"rendered":"Le Cirque Lavrat"},"content":{"rendered":"\n<p>Au sortir de la seconde guerre mondiale, quelques jeunes de l&rsquo;Argonne aux activit\u00e9s diverses (m\u00e9caniciens, plombier, ma\u00e7on, menuisier, typographe), mais r\u00e9unis par le go\u00fbt de la gymnastique, d\u00e9cident de cr\u00e9er un cirque.<\/p>\n\n\n\n<figure class=\"wp-block-image size-large\"><img fetchpriority=\"high\" decoding=\"async\" width=\"1024\" height=\"391\" src=\"http:\/\/amae.eu\/wp-content\/uploads\/2019\/12\/Affiche-1024x391.jpg\" alt=\"\" class=\"wp-image-701\" srcset=\"https:\/\/amae.eu\/wp-content\/uploads\/2019\/12\/Affiche-1024x391.jpg 1024w, https:\/\/amae.eu\/wp-content\/uploads\/2019\/12\/Affiche-300x115.jpg 300w, https:\/\/amae.eu\/wp-content\/uploads\/2019\/12\/Affiche-768x293.jpg 768w, https:\/\/amae.eu\/wp-content\/uploads\/2019\/12\/Affiche-1536x587.jpg 1536w, https:\/\/amae.eu\/wp-content\/uploads\/2019\/12\/Affiche.jpg 1600w\" sizes=\"(max-width: 1024px) 100vw, 1024px\" \/><\/figure>\n\n\n\n<p>Dans l&rsquo;atelier d\u2019Andr\u00e9 Lavrat, ils vont s&rsquo;entra\u00eener d&rsquo;arrachepied  pour pr\u00e9senter des num\u00e9ros de jongleur, d&rsquo;\u00e9quilibriste ou de clown. Par ailleurs, ils construisent sur leur temps libre une caravane et  r\u00e9cup\u00e8rent un chapiteau. C&rsquo;est le d\u00e9but d&rsquo;une aventure formidable qui  les conduit \u00e0 se produire devant le roi du Maroc en 1949, \u00e0 la  t\u00e9l\u00e9vision en 1950, puis \u00e0 \u00e9cumer les routes de France pour pr\u00e9senter  leurs num\u00e9ros.<\/p>\n\n\n\n<p>Que reste-t-il du Cirque Lavrat 70 ans apr\u00e8s ? Beaucoup de souvenirs  chez les anciens du quartier de l&rsquo;Argonne, mais aussi une collection  inestimable de photos d&rsquo;\u00e9poque et de vestiges (costumes, d\u00e9guisements, maquettes, extrait vid\u00e9o des Actualit\u00e9s Fran\u00e7aises) de cette formidable  aventure humaine. L&rsquo;Atelier Patrimoine du Conseil Consultatif de Quartier Est d&rsquo;Orl\u00e9ans a \u0153uvr\u00e9 pendant deux ans \u00e0 collecter des photographies, des t\u00e9moignages  et des objets pour organiser en juin 2019 une exposition \u00e0 l&rsquo;Argonaute.<\/p>\n\n\n\n<p class=\"has-text-align-center\"><a href=\"http:\/\/amae.eu\/index.php\/collectifs\/le-cirque-lavrat\/le-cirque-et-largonne\/\">Le Cirque et l&rsquo;Argonne<\/a> | <a href=\"http:\/\/amae.eu\/index.php\/collectifs\/le-cirque-lavrat\/la-caravane-et-le-chapiteau\/\">La Caravane et le Chapiteau<\/a> | <a href=\"http:\/\/amae.eu\/index.php\/collectifs\/le-cirque-lavrat\/les-numeros\/\">Les num\u00e9ros<\/a> <\/p>\n\n\n\n<p class=\"has-text-align-center\"><a href=\"http:\/\/amae.eu\/index.php\/collectifs\/le-cirque-lavrat\/le-cirque-lavrat-dans-la-presse\/\">Le Cirque Lavrat dans la presse<\/a> | <a href=\"http:\/\/amae.eu\/index.php\/collectifs\/le-cirque-lavrat\/levenement-des-groues\/\">L&rsquo;\u00e9v\u00e8nement des Groues<\/a> <\/p>\n\n\n\n<p class=\"has-text-align-center\"><a href=\"http:\/\/amae.eu\/index.php\/collectifs\/le-cirque-lavrat\/le-rool-boul\/\">Le Rool-Boul<\/a> | <a href=\"http:\/\/amae.eu\/index.php\/collectifs\/le-cirque-lavrat\/les-cosonas\/\">Les Cosonas<\/a> | <a href=\"http:\/\/amae.eu\/index.php\/collectifs\/le-cirque-lavrat\/la-piste-fantastique\/\">La Piste Fantastique<\/a><\/p>\n\n\n\n<hr class=\"wp-block-separator has-css-opacity\"\/>\n\n\n\n<h2 class=\"has-text-align-center wp-block-heading\">Exposition 2019 \u00e0 l&rsquo;Argonaute<\/h2>\n\n\n<div class=\"wp-block-image\">\n<figure class=\"aligncenter size-large is-resized\"><img decoding=\"async\" src=\"http:\/\/amae.eu\/wp-content\/uploads\/2019\/12\/Visuel-Lavrat-web.png\" alt=\"\" class=\"wp-image-986\" width=\"154\" height=\"216\" srcset=\"https:\/\/amae.eu\/wp-content\/uploads\/2019\/12\/Visuel-Lavrat-web.png 567w, https:\/\/amae.eu\/wp-content\/uploads\/2019\/12\/Visuel-Lavrat-web-214x300.png 214w\" sizes=\"(max-width: 154px) 100vw, 154px\" \/><\/figure><\/div>\n\n\n<hr class=\"wp-block-separator has-css-opacity\"\/>\n\n\n\n<p class=\"has-text-align-center\"><a href=\"#Livre-d'Or\" data-type=\"internal\" data-id=\"#Livre-d'Or\">Livre d&rsquo;Or<\/a> | <a href=\"#Photos\" data-type=\"internal\" data-id=\"#Photos\">En photos<\/a> | <a href=\"#Video\" data-type=\"internal\" data-id=\"#Video\">En vid\u00e9os<\/a> | <a href=\"#Objets\" data-type=\"internal\" data-id=\"#Objets\">Les objets de l&rsquo;exposition<\/a> <\/p>\n\n\n\n<p class=\"has-text-align-center\"><a href=\"#Presse\" data-type=\"internal\" data-id=\"#Presse\">Dans la presse<\/a> | <a href=\"#Ecoles\" data-type=\"internal\" data-id=\"#Ecoles\">Dans les \u00e9coles<\/a><\/p>\n\n\n\n<h3 class=\"has-text-align-center wp-block-heading\" id=\"Livre-d'Or\">Livre d&rsquo;Or<\/h3>\n\n\n\nngg_shortcode_0_placeholder\n\n\n\n<hr class=\"wp-block-separator has-css-opacity\"\/>\n\n\n\n<h3 class=\"has-text-align-center wp-block-heading\" id=\"Photos\">En photos<\/h3>\n\n\n\nngg_shortcode_1_placeholder\n\n\n\n<p class=\"has-text-align-center\">Photos de Luc Lordet et Patrick Pr\u00e9vost<\/p>\n\n\n\n<hr class=\"wp-block-separator has-css-opacity\"\/>\n\n\n\n<h3 class=\"has-text-align-center wp-block-heading\" id=\"Video\">En vid\u00e9o<\/h3>\n\n\n\n<div class=\"wp-block-columns is-layout-flex wp-container-core-columns-is-layout-1 wp-block-columns-is-layout-flex\">\n<div class=\"wp-block-column is-layout-flow wp-block-column-is-layout-flow\" style=\"flex-basis:25%\"><\/div>\n\n\n\n<div class=\"wp-block-column is-layout-flow wp-block-column-is-layout-flow\" style=\"flex-basis:50%\">\n<iframe src=\"https:\/\/www.youtube.com\/embed\/CKACcH6qUH0\" allow=\"accelerometer; autoplay; clipboard-write; encrypted-media; gyroscope; picture-in-picture; web-share\" allowfullscreen=\"\" width=\"310\" height=\"500\" frameborder=\"0\"><\/iframe>\n<\/div>\n\n\n\n<div class=\"wp-block-column is-layout-flow wp-block-column-is-layout-flow\" style=\"flex-basis:25%\"><\/div>\n<\/div>\n\n\n\n<h2 class=\"has-text-align-center wp-block-heading\" id=\"Objets\">Les objets de l&rsquo;exposition<\/h2>\n\n\n\n<p>Durant l&rsquo;exposition, nous avons veill\u00e9, dans la mesure du possible, \u00e0 associer les objets conserv\u00e9s par les descendants des membres du cirque avec les photographies ou la vid\u00e9o de l&rsquo;INA.<\/p>\n\n\n\nngg_shortcode_2_placeholder\n\n\n\n<hr class=\"wp-block-separator has-css-opacity\"\/>\n\n\n\n<h3 class=\"has-text-align-center wp-block-heading\" id=\"Presse\">Dans la presse<\/h3>\n\n\n\n<ul class=\"wp-block-list\"><li><a href=\"https:\/\/www.larep.fr\/orleans-45000\/actualites\/les-membres-de-latelier-patrimoine-ont-fait-le-point_13524457\/\">Les membres de l&rsquo;Atelier Patrimoine ont fait le point<\/a>. La R\u00e9publique du Centre du 28 mars 2019.<\/li><li><a href=\"https:\/\/www.larep.fr\/orleans-45000\/actualites\/derniers-preparatifs-pour-lexposition-cirque-lavrat_13554820\/\">Derniers pr\u00e9paratifs pour l\u2019exposition \u00ab Cirque Lavrat \u00bb<\/a>. La R\u00e9publique du Centre du 6 mai 2019. <\/li><li><a href=\"https:\/\/sortir.orleans-metropole.fr\/evenement\/84654808\/exposition-le-cirque-lavrat\">Sortir \u00e0 Orl\u00e9ans<\/a><\/li><\/ul>\n\n\n<div class=\"wp-block-image\">\n<figure class=\"aligncenter size-large\"><img decoding=\"async\" width=\"494\" height=\"453\" src=\"http:\/\/amae.eu\/wp-content\/uploads\/2019\/12\/g2016.png\" alt=\"\" class=\"wp-image-394\" srcset=\"https:\/\/amae.eu\/wp-content\/uploads\/2019\/12\/g2016.png 494w, https:\/\/amae.eu\/wp-content\/uploads\/2019\/12\/g2016-300x275.png 300w\" sizes=\"(max-width: 494px) 100vw, 494px\" \/><figcaption><a href=\"https:\/\/www.orleans-metropole.fr\/fileadmin\/orleans\/MEDIA\/kiosque\/orleans_mag\/orleans_mag157.pdf\">Orl\u00e9ans Mag n\u00b0157<\/a><\/figcaption><\/figure><\/div>\n\n<div class=\"wp-block-image\">\n<figure class=\"aligncenter size-large is-resized\"><img loading=\"lazy\" decoding=\"async\" src=\"http:\/\/amae.eu\/wp-content\/uploads\/2019\/12\/g114810.png\" alt=\"\" class=\"wp-image-392\" width=\"245\" height=\"292\" srcset=\"https:\/\/amae.eu\/wp-content\/uploads\/2019\/12\/g114810.png 619w, https:\/\/amae.eu\/wp-content\/uploads\/2019\/12\/g114810-251x300.png 251w\" sizes=\"(max-width: 245px) 100vw, 245px\" \/><figcaption><a href=\"https:\/\/www.orleans-metropole.fr\/fileadmin\/orleans\/MEDIA\/kiosque\/orleans_mag\/orleans_mag169.pdf\">Orl\u00e9ans Mag n\u00b0169<\/a><\/figcaption><\/figure><\/div>\n\n\n<ul class=\"wp-block-list\"><li><a href=\"https:\/\/www.francebleu.fr\/infos\/culture-loisirs\/une-exposition-pour-ressusciter-l-histoire-du-cirque-lavrat-a-orleans-1559920968\">Une exposition pour ressusciter l&rsquo;histoire du cirque Lavrat \u00e0 Orl\u00e9ans<\/a>. France Bleu Orl\u00e9ans du samedi 8 juin 2019.<\/li><li><a href=\"http:\/\/www.magcentre.fr\/179563-orleans-les-70-ans-du-cirque-lavrat-a-largonaute\/\">Orl\u00e9ans&nbsp;: les 70 ans du cirque Lavrat \u00e0 l\u2019Argonaute&nbsp;! <\/a>Mag&rsquo;Centre du 5 juin 2019<\/li><li><a href=\"https:\/\/www.larep.fr\/orleans-45000\/loisirs\/a-orleans-une-exposition-retrace-l-epopee-du-cirque-lavrat_13579175\/\">\u00c0 Orl\u00e9ans, une exposition retrace l&rsquo;\u00e9pop\u00e9e du cirque Lavrat<\/a>. La R\u00e9publique du Centre du 8 juin 2019.<\/li><li>Andr\u00e9 Lavrat, homme de cirque, funambule et sculpteur. Le Cirque dans l&rsquo;Univers, n\u00b0274, p. 24-26.<\/li><li>L&rsquo;histoire du cirque orl\u00e9anais Lavrat. Le Mag des v\u00e9hicules et chapiteaux de cirque, septembre 2019.<\/li><li> Ensemble c&rsquo;est mieux, France 3 Centre Val de Loire. \u00c9mission du lundi 10 juin 2019.<\/li><\/ul>\n\n\n\n<iframe src=\"https:\/\/www.youtube.com\/embed\/JJlHhzoSGvo\" allow=\"accelerometer; autoplay; encrypted-media; gyroscope; picture-in-picture\" allowfullscreen=\"\" width=\"300\" height=\"500\" frameborder=\"0\"><\/iframe>\n\n\n\n<hr class=\"wp-block-separator has-css-opacity\"\/>\n\n\n\n<h3 class=\"has-text-align-center wp-block-heading\" id=\"Ecoles\">Dans les \u00e9coles<\/h3>\n\n\n\nngg_shortcode_3_placeholder\n","protected":false},"excerpt":{"rendered":"<p>Au sortir de la seconde guerre mondiale, quelques jeunes de l&rsquo;Argonne aux activit\u00e9s diverses (m\u00e9caniciens, plombier, ma\u00e7on, menuisier, typographe), mais r\u00e9unis par le go\u00fbt de la gymnastique, d\u00e9cident de cr\u00e9er un cirque. Dans l&rsquo;atelier d\u2019Andr\u00e9 Lavrat, ils vont s&rsquo;entra\u00eener d&rsquo;arrachepied pour pr\u00e9senter des num\u00e9ros de jongleur, d&rsquo;\u00e9quilibriste ou de clown. Par ailleurs, ils construisent sur [&hellip;]<\/p>\n","protected":false},"author":1,"featured_media":0,"parent":742,"menu_order":0,"comment_status":"closed","ping_status":"closed","template":"","meta":{"ngg_post_thumbnail":0,"footnotes":""},"class_list":["post-88","page","type-page","status-publish","hentry","entry"],"_links":{"self":[{"href":"https:\/\/amae.eu\/index.php\/wp-json\/wp\/v2\/pages\/88"}],"collection":[{"href":"https:\/\/amae.eu\/index.php\/wp-json\/wp\/v2\/pages"}],"about":[{"href":"https:\/\/amae.eu\/index.php\/wp-json\/wp\/v2\/types\/page"}],"author":[{"embeddable":true,"href":"https:\/\/amae.eu\/index.php\/wp-json\/wp\/v2\/users\/1"}],"replies":[{"embeddable":true,"href":"https:\/\/amae.eu\/index.php\/wp-json\/wp\/v2\/comments?post=88"}],"version-history":[{"count":37,"href":"https:\/\/amae.eu\/index.php\/wp-json\/wp\/v2\/pages\/88\/revisions"}],"predecessor-version":[{"id":7869,"href":"https:\/\/amae.eu\/index.php\/wp-json\/wp\/v2\/pages\/88\/revisions\/7869"}],"up":[{"embeddable":true,"href":"https:\/\/amae.eu\/index.php\/wp-json\/wp\/v2\/pages\/742"}],"wp:attachment":[{"href":"https:\/\/amae.eu\/index.php\/wp-json\/wp\/v2\/media?parent=88"}],"curies":[{"name":"wp","href":"https:\/\/api.w.org\/{rel}","templated":true}]}}